= s. What is the units digit of s?
4
Let m = 527 + 300. What is the hundreds digit of m?
8
Suppose -3*v = -0*v - 12. Let n(g) = 2*g**3 - 4*g**2 - g. Let q be n(v). Suppose q + 24 = 3*l. What is the tens digit of l?
2
Let f(l) = 10*l**2. Let p be f(6). Let a = -203 + p. What is the hundreds digit of a?
1
Let f(o) = -o - 13. Let r be f(-7). Let x be (4 + -3)*r/(-2). Suppose -x*a = 2*a - 155. What is the tens digit of a?
3
Suppose -2*y + 11 = 3. Suppose 4*f = -y*d + 5*d - 131, d - 139 = 2*f. What is the units digit of d?
7
Let r = -1255 - -2185. What is the hundreds digit of r?
9
Let c = -729 + 743. What is the units digit of c?
4
Let c = -274 - -2664. What is the thousands digit of c?
2
Suppose 8*x = 5*x + 15. Suppose -x*d - 3*g = -301, 4*d + 0*d - 3*g - 230 = 0. What is the units digit of d?
9
Let m = 13 + 50. What is the units digit of -1 + (m - (-9)/3)?
5
Suppose 6*s - 6796 = 1184. Suppose 3*c = -2*c + s. What is the hundreds digit of c?
2
Suppose 0 = -7*k + 4*k - 351. Let d = -62 - k. What is the units digit of d?
5
What is the tens digit of 50/10 - (-171)/3?
6
Let u(r) = r - 5. Let b be u(5). Suppose 0 = -y - b*y - 14. Let l = y + 15. What is the units digit of l?
1
Let b(i) = 352*i**3 + 4*i**2 - 2*i - 3. What is the hundreds digit of b(1)?
3
Let f be 20/6*21/14. Suppose 144 = f*a - a. Let r = -2 + a. What is the tens digit of r?
3
Suppose 554 = j + 109. Suppose -o + 0*y = 4*y - 104, 5*o = -5*y + j. What is the tens digit of o?
8
Suppose 15 = -5*s - 10. Let f(a) = a**3 + 7*a**2 + 9*a + 6. What is the tens digit of f(s)?
1
Suppose 2*n - 6*v + v - 597 = 0, -n - 2*v = -294. What is the tens digit of n?
9
Suppose -s = -2*s + 162. Suppose -4*l = -s - 46. What is the tens digit of l?
5
Suppose -7183 = -13*d + 23224. What is the thousands digit of d?
2
Suppose 2*q + 7 = -4*r - 9, 4*q + 12 = -4*r. Suppose q*l = -2*w - l + 25, -4*w - 2*l = -70. What is the tens digit of w?
2
Suppose -40 = -3*g - 2*g. Let i be (-18)/(-8)*g/3. Let w = i + 2. What is the units digit of w?
8
Let n(r) = -r + 3. Let a be n(9). Let o be -2 - (-3)/(-3)*-5. What is the units digit of ((-35)/2)/(o/a)?
5
Let k(m) = m**3 - 8*m**2 + m - 8. Let c be k(8). Suppose c = 3*n - 10*n + 224. What is the units digit of n?
2
Let z = -44 - -204. Suppose -2*l - 6*f + 290 = -4*f, -z = -l + 4*f. What is the tens digit of l?
4
Let c = 7 - 14. Let s(z) = -1 - 10*z + 0 + 8*z**2 - 9*z**2. What is the units digit of s(c)?
0
Let z(d) = -d - 9. Let x be z(-11). Suppose 115 = x*t - 309. What is the tens digit of t?
1
Suppose -14*b + 6225 = b. What is the hundreds digit of b?
4
Let g(z) = -z**2 - 5*z - 4. Let w be g(-3). Suppose 0*q - 19 = -q - c, w*c - 56 = -3*q. What is the units digit of q?
8
Suppose -o + 814 = 5*b, 3 = -5*b + 18. What is the hundreds digit of o?
7
What is the tens digit of 4209/21 - (-39)/(-91)?
0
Let q = 30 + -25. Suppose -2*i - 3*i - 10 = 0, q*r + 22 = 4*i. What is the tens digit of (116/3)/((-4)/r)?
5
Let r = -73 + 103. What is the hundreds digit of 4414/r - (-14)/(-105)?
1
Suppose 0 = 2510*s - 2506*s - 7028. What is the thousands digit of s?
1
Let w be (-46)/((-104)/(-36) - 3). Let b be (w - 2)*1/4. Suppose -b = -4*q - 3*h, -2*q + 2*h - 5*h + 47 = 0. What is the units digit of q?
8
Let y be 0 + -2 + 0 - -9. Suppose 0 = -5*c - 4*k, -3*c + 2*k + 13 = y*k. What is the units digit of (1*-14 + c)/(-2)?
9
Suppose -t + 17 = b, -2*b - 2*t + 21 = -b. Let n = 12 + b. What is the units digit of n?
5
Let c(j) = j**3 + 11*j - 7*j**2 + 19*j**2 - 2*j**3 - 10*j + 6. What is the tens digit of c(12)?
1
Suppose -4*k + 15750 = 2*d, -d - 4 + 3 = 0. What is the hundreds digit of k?
9
What is the tens digit of -4 - (-117)/(-78)*4948/(-6)?
3
Let g(y) = 63*y**2 - 1. Suppose -4*f = -4*a, -2*f - 4*a = 2 + 4. What is the units digit of g(f)?
2
Let z be 3*1/(3/(-7)). Let p = 7 + z. Suppose 2*i + p*i = 12. What is the units digit of i?
6
Suppose 5*l = -m + 3*l + 94, 5*l = -4*m + 385. Suppose 5*j - m = 1145. What is the tens digit of j?
4
Suppose -17 = 4*g + 5*q, 0 = -3*g - 8*q + 3*q - 19. Let b be (-4)/g*(-6 - -1). What is the units digit of 60/25*b/4?
6
What is the hundreds digit of 1 + 103757/155 + (-6)/(-10)?
6
Let w be (-8)/(-6)*15/(-2). Suppose -5*u + 150 = y, 9*y - 7*y - 240 = 5*u. What is the tens digit of 8/w*y/(-4)?
2
Let o(p) = -11*p**2 + 2*p - 2. Let w be o(1). Let y = w + 42. What is the tens digit of y?
3
Let r be 0 - (3 + 3*4). Let f be (-3)/r + (-28)/(-10). Suppose 46 = p + t + 13, 0 = p - f*t - 37. What is the units digit of p?
4
What is the thousands digit of 174/1*360/27?
2
Suppose 4*p = 15*p + 352. Suppose 0*q = 3*q - 147. Let j = q + p. What is the tens digit of j?
1
Suppose -2*u + 3768 = u + 3*d, -1251 = -u - 6*d. What is the units digit of u?
7
Let u = 4155 - 2778. What is the tens digit of u?
7
Let y = -102 + 144. What is the units digit of -5*3/(-15) + y?
3
Let q(m) = 7*m**3 - 7*m**2 + 6*m - 6. Let t be q(-5). What is the units digit of t/(-42) - (-3)/21?
6
Let w(p) = -p**3 + 7*p**2 + 7*p + 10. Let v be w(7). Suppose g = -2*h - v, -2*h + 308 = -5*g + h. Let z = -19 - g. What is the tens digit of z?
4
Suppose 2*f + 60 = -f. Let v = f - -26. What is the units digit of ((-42)/28)/(v/(-32))?
8
What is the units digit of 0 + 381 - (19 - 19)?
1
Suppose 2*y + 5*x = -y + 35, -5*y + 4*x = -46. Suppose -5*g = 3*n - 101, -2*g + 4*n = -3*g + y. Let j = -15 + g. What is the units digit of j?
7
Let q = 42 - 40. Suppose 0 = -q*h - 44 + 184. What is the tens digit of h?
7
Suppose 0 = 4*c, j + 2*j + 3*c - 810 = 0. Let v = j + -174. What is the units digit of v?
6
Let g(v) = 4*v**2 - v. Let k be g(1). Let i be (-4)/1 - (-9 + k). What is the units digit of 408/(-9)*(-3)/i?
8
Suppose 0 = -44*d + 35*d + 16569. What is the hundreds digit of d?
8
Suppose 0*t - 4*l = -t - 7, 4*l = -4*t - 108. Let g = 28 + t. What is the units digit of g?
5
Let p be -3*8/36 + 550/6. Suppose -3*u = 2*y - 731, -4*u = -5*y - 1081 + p. What is the hundreds digit of u?
2
Let y = -153 + 583. What is the hundreds digit of y?
4
Let p(n) = 270*n**2 - 4*n + 8. What is the hundreds digit of p(-2)?
0
Let c = -11 + 31. Let l = 78 + -71. Let s = c - l. What is the units digit of s?
3
Let p(n) = 3*n**2 + 6*n + 133. What is the hundreds digit of p(-8)?
2
Let h(a) = 769*a**2 + 6*a + 4. What is the hundreds digit of h(-1)?
7
Suppose 0 = f - 8*c + 4*c - 300, 2*f - 2*c = 618. What is the tens digit of f?
1
Let w be (-1)/(2/6*-1). Suppose -4*s + 240 = -4*g, g = s - w*s + 123. What is the units digit of s?
1
Let h(a) = 8*a**2 - 46*a - 115. What is the thousands digit of h(18)?
1
Let h be ((-3)/2)/(9/(-24)). Suppose 0 = 3*m - h*m + 59. What is the units digit of m?
9
Suppose -2*w = -592 - 588. What is the hundreds digit of w?
5
Suppose 2*i - 2 = 8. Suppose 0 = -i*l - l. Suppose 4*x - 3 - 1 = l. What is the units digit of x?
1
Let a(v) = -18*v**3 + v**2 + 8*v - 4. Let g(k) = -k**3 + k - 1. Let f(l) = -a(l) + 4*g(l). Let j be f(-4). What is the tens digit of j/(-40) - 4/10?
2
Let q be 3/2*20/(-10). Let c = q - 85. Let z = c + 124. What is the units digit of z?
6
What is the units digit of 9*(-1528)/(-24) + 0?
3
Suppose -5*a = 5*b - 28945, 3*b - 2*a = 5516 + 11876. Suppose -b + 494 = -20*y. What is the units digit of y?
5
What is the units digit of 10794/28*2*(-15)/(-9)?
5
Suppose 3*j - 23 = -4*p, j = p - 1 + 4. Suppose w = -3*w + 2*t + 14, -p*w - t + 1 = 0. What is the units digit of (-125 - -5)*w/(-4)?
0
Let r = -2 + 5. Suppose 99 = 3*s - 5*i + i, -r*i - 102 = -3*s. Suppose 0*n - n - s = -3*d, -4*n = 2*d - 6. What is the tens digit of d?
1
Suppose -2597 = -14*g + 1813. What is the hundreds digit of g?
3
Suppose 2*d = 3*p - 880, 16*d - 15 = 19*d. What is the units digit of p?
0
Suppose -2*f + 5*l - 15 = 0, -3*f - 12 = -0*f - 4*l. Suppose f = 8*t - 5*t - 60. What is the tens digit of t?
2
Let y = -6419 - -11709. What is the units digit of y?
0
Let d be ((-10)/(-4))/(4/8). Suppose d*f = f + 224. Suppose -92 = -4*p + 4*o, 0*o - f = -4*p - 5*o. What is the units digit of p?
9
Suppose 52 + 122 = 2*t - 2*c, t - 102 = 4*c. Suppose -7*b + 191 = -t. What is the tens digit of b?
3
Suppose -1 = 3*i - 5*z, 0 = i - 3*i + 3*z - 1. Let c(y) be the first derivative of -13*y**2/2 + y - 3. What is the tens digit of c(i)?
2
Let w(v) = 4*v**2 - 2*v + 48. What is 